{"id":192,"date":"2025-09-21T16:39:03","date_gmt":"2025-09-21T14:39:03","guid":{"rendered":"https:\/\/bocoumbusinessshop.com\/?post_type=product&#038;p=192"},"modified":"2025-09-21T16:39:03","modified_gmt":"2025-09-21T14:39:03","slug":"tisane-axphys","status":"publish","type":"product","link":"https:\/\/bocoumbusinessshop.com\/?product=tisane-axphys","title":{"rendered":"Tisane Axphys"},"content":{"rendered":"<p>Cette composition compos\u00e9e de feuilles et d\u2019\u00e9corces agit sur l\u2019asthme, la sinusite, la grippe, les maladies de l\u2019ORL, le pneumothorax, les maladies pulmonaires et les troubles respiratoires s\u00e9v\u00e8res ou aigu\u00ebs<\/p>\n<ul>\n<li><strong>Nbre de sachets\u00a0: 21<\/strong><\/li>\n<li><strong>Poids net de la boite\u00a0: 100g<\/strong><\/li>\n<\/ul>\n<p><strong><u>Mode d\u2019utilisation<\/u><\/strong><\/p>\n<p><strong>Faire chauffer de l\u2019eau mesurable \u00e0 2 verres de th\u00e9, Infuser le sachet de th\u00e9 en laissant reposer pendant 30 minutes. Retirer le sachet et passer \u00e0 la consommation de la tisane<\/strong><\/p>\n<p><strong>A boire de pr\u00e9f\u00e9rence apr\u00e8s manger<\/strong><\/p>\n","protected":false},"excerpt":{"rendered":"<p>Cette composition compos\u00e9e de feuilles et d\u2019\u00e9corces agit sur l\u2019asthme, la sinusite, la grippe, les maladies de l\u2019ORL, le pneumothorax, les maladies pulmonaires et les troubles respiratoires s\u00e9v\u00e8res ou aigu\u00ebs Nbre de sachets\u00a0: 21 Poids net de la boite\u00a0: 100g Mode d\u2019utilisation Faire chauffer de l\u2019eau mesurable \u00e0 2 verres de th\u00e9, Infuser le sachet de th\u00e9 en laissant reposer pendant 30 minutes. Retirer le sachet et passer \u00e0 la consommation de la tisane A boire de pr\u00e9f\u00e9rence apr\u00e8s manger<\/p>\n","protected":false},"featured_media":193,"comment_status":"open","ping_status":"closed","template":"","meta":{"_eb_attr":""},"product_brand":[],"product_cat":[25,22],"product_tag":[],"class_list":{"0":"post-192","1":"product","2":"type-product","3":"status-publish","4":"has-post-thumbnail","6":"product_cat-bio-keneya","7":"product_cat-sante-bio","9":"first","10":"instock","11":"taxable","12":"shipping-taxable","13":"purchasable","14":"product-type-simple"},"_links":{"self":[{"href":"https:\/\/bocoumbusinessshop.com\/index.php?rest_route=\/wp\/v2\/product\/192","targetHints":{"allow":["GET"]}}],"collection":[{"href":"https:\/\/bocoumbusinessshop.com\/index.php?rest_route=\/wp\/v2\/product"}],"about":[{"href":"https:\/\/bocoumbusinessshop.com\/index.php?rest_route=\/wp\/v2\/types\/product"}],"replies":[{"embeddable":true,"href":"https:\/\/bocoumbusinessshop.com\/index.php?rest_route=%2Fwp%2Fv2%2Fcomments&post=192"}],"version-history":[{"count":0,"href":"https:\/\/bocoumbusinessshop.com\/index.php?rest_route=\/wp\/v2\/product\/192\/revisions"}],"wp:featuredmedia":[{"embeddable":true,"href":"https:\/\/bocoumbusinessshop.com\/index.php?rest_route=\/wp\/v2\/media\/193"}],"wp:attachment":[{"href":"https:\/\/bocoumbusinessshop.com\/index.php?rest_route=%2Fwp%2Fv2%2Fmedia&parent=192"}],"wp:term":[{"taxonomy":"product_brand","embeddable":true,"href":"https:\/\/bocoumbusinessshop.com\/index.php?rest_route=%2Fwp%2Fv2%2Fproduct_brand&post=192"},{"taxonomy":"product_cat","embeddable":true,"href":"https:\/\/bocoumbusinessshop.com\/index.php?rest_route=%2Fwp%2Fv2%2Fproduct_cat&post=192"},{"taxonomy":"product_tag","embeddable":true,"href":"https:\/\/bocoumbusinessshop.com\/index.php?rest_route=%2Fwp%2Fv2%2Fproduct_tag&post=192"}],"curies":[{"name":"wp","href":"https:\/\/api.w.org\/{rel}","templated":true}]}}